{"id":3364,"date":"2023-06-26T11:15:41","date_gmt":"2023-06-26T10:15:41","guid":{"rendered":"https:\/\/www.plumesdorees.com\/web\/?page_id=3364"},"modified":"2026-04-21T11:20:37","modified_gmt":"2026-04-21T10:20:37","slug":"camps","status":"publish","type":"page","link":"https:\/\/www.plumesdorees.com\/web\/camps\/","title":{"rendered":"CAMPS EN NATURE"},"content":{"rendered":"\n<p class=\"has-text-align-center has-larger-font-size\"><strong>Partage des Cultures et Traditions Ancestrales<\/strong><\/p>\n\n\n<div class=\"wp-block-image is-style-rounded\">\n<figure class=\"aligncenter size-large\"><a href=\"https:\/\/www.plumesdorees.com\/web\/wp-content\/uploads\/2022\/06\/Quete-de-Vision.png\"><img loading=\"lazy\" decoding=\"async\" width=\"1024\" height=\"656\" src=\"https:\/\/www.plumesdorees.com\/web\/wp-content\/uploads\/2022\/06\/Quete-de-Vision-1024x656.png\" alt=\"\" class=\"wp-image-3196\" srcset=\"https:\/\/www.plumesdorees.com\/web\/wp-content\/uploads\/2022\/06\/Quete-de-Vision-1024x656.png 1024w, https:\/\/www.plumesdorees.com\/web\/wp-content\/uploads\/2022\/06\/Quete-de-Vision-300x192.png 300w, https:\/\/www.plumesdorees.com\/web\/wp-content\/uploads\/2022\/06\/Quete-de-Vision-768x492.png 768w, https:\/\/www.plumesdorees.com\/web\/wp-content\/uploads\/2022\/06\/Quete-de-Vision-1536x984.png 1536w, https:\/\/www.plumesdorees.com\/web\/wp-content\/uploads\/2022\/06\/Quete-de-Vision-2048x1312.png 2048w\" sizes=\"auto, (max-width: 1024px) 100vw, 1024px\" \/><\/a><\/figure><\/div>\n\n\n<div style=\"height:100px\" aria-hidden=\"true\" class=\"wp-block-spacer\"><\/div>\n\n\n\n<h6 class=\"wp-block-heading has-text-align-center\" style=\"font-size:35px\">PROCHAINS CAMPS<\/h6>\n\n\n\n<p><\/p>\n\n\n\n<p class=\"has-text-align-center\" style=\"font-size:29px\"><strong>En 2026<\/strong><\/p>\n\n\n\n<p class=\"has-text-align-center\" style=\"font-size:26px\">Cette ann\u00e9e nous proposons deux camps d\u00e9di\u00e9s aux \u00ab\u00a0Qu\u00eates de Vision\u00a0\u00bb, ainsi qu&rsquo;un camp d&rsquo;\u00e9t\u00e9 consacr\u00e9 aux \u00ab\u00a0Rites de passage\u00a0\u00bb.<\/p>\n\n\n\n<p class=\"has-text-align-center\" style=\"font-size:26px\">Camps de \u00ab\u00a0Qu\u00eate de Vision\u00a0\u00bb<\/p>\n\n\n\n<p class=\"has-text-align-center\" style=\"font-size:26px\"><strong>du Samedi 11 au Samedi 18 Avril<\/strong> <strong>2026<\/strong><\/p>\n\n\n\n<p class=\"has-text-align-center\" style=\"font-size:26px\"><strong>du Samedi 24 au 31 Octobre<\/strong> <strong>2026<\/strong><\/p>\n\n\n\n<p class=\"has-text-align-center\" style=\"font-size:26px\"><strong>du Samedi 17 au Samedi 24 Avril<\/strong> <strong>2027<\/strong><\/p>\n\n\n\n<p class=\"has-text-align-center\" style=\"font-size:26px\"><\/p>\n\n\n\n<p><\/p>\n\n\n\n<p class=\"has-text-align-center\" style=\"font-size:26px\">Camp de \u00ab\u00a0Rite de Passage\u00a0\u00bb<\/p>\n\n\n\n<p class=\"has-text-align-center\" style=\"font-size:26px\"><strong>Samedi 18 au 25 Juillet<\/strong><\/p>\n\n\n\n<p class=\"has-text-align-center\" style=\"font-size:26px\"><\/p>\n\n\n\n<p class=\"has-text-align-center\" style=\"font-size:26px\">EN OCCITANIE (12)<\/p>\n\n\n\n<p style=\"font-size:26px\"><\/p>\n\n\n\n<p class=\"has-text-align-center\" style=\"font-size:24px\"><strong>SE RETROUVER EN PLEINE NATURE AVEYRONNAISE&nbsp;<\/strong><\/p>\n\n\n\n<p class=\"has-text-align-center\" style=\"font-size:24px\"><strong>POUR VIVRE UN CAMP<\/strong><\/p>\n\n\n\n<p class=\"has-text-align-center\" style=\"font-size:24px\"><strong><br \/>POUR RETROUVER LE LIEN \u00c0 LA NATURE, \u00c0 SOI &amp; \u00c0 LA VIE DE TRIBU<\/strong><\/p>\n\n\n\n<p class=\"has-text-align-center\" style=\"font-size:24px\"><strong>POUR SE RECONNECTER AU SACR\u00c9 AU TRAVERS DES C\u00c9R\u00c9MONIES<\/strong><\/p>\n\n\n\n<p class=\"has-text-align-center\" style=\"font-size:24px\"><strong>POUR OFFRIR QUI L&rsquo;ON EST DANS LE SERVICE ET LE PARTAGE<\/strong><\/p>\n\n\n\n<p><\/p>\n\n\n\n<p class=\"has-text-align-center has-normal-font-size\"><br \/><\/p>\n\n\n\n<h3 class=\"wp-block-heading\" style=\"font-size:22px\"><strong>LES C\u00c9R\u00c9MONIES CHAMANIQUES<\/strong><\/h3>\n\n\n\n<h4 class=\"wp-block-heading\"><\/h4>\n\n\n\n<p style=\"font-size:17px\">Dans toutes les anciennes traditions, il y a des rituels et des C\u00e9r\u00e9monies pratiqu\u00e9s en groupe. Elles sont n\u00e9cessaires pour se retrouver en tant qu&rsquo;individu appartenant \u00e0 une conscience d&rsquo;ensemble, une Conscience Universelle. Nous avons besoin de retrouver ce \u00ab\u00a0Vivre ensemble\u00a0\u00bb pour retrouver le sens du service et la connexion au profond Myst\u00e8re de la Vie.<\/p>\n\n\n\n<div style=\"height:100px\" aria-hidden=\"true\" class=\"wp-block-spacer\"><\/div>\n\n\n\n<h4 class=\"wp-block-heading has-text-align-right\" style=\"font-size:22px\"><strong>UN PROCESSUS COLLECTIF<\/strong><\/h4>\n\n\n\n<p class=\"has-text-align-right\" style=\"font-size:17px\">Chacun vit un processus individuel qui s&rsquo;inscrit dans un processus collectif.<br \/>Chaque pas fait par une personne individuellement, b\u00e9n\u00e9ficie \u00e0 l&rsquo;ensemble.<br \/>Chaque mouvement du collectif, b\u00e9n\u00e9ficie \u00e0 chaque individu.<br \/>Les qu\u00eateurs, \u00e0 travers leurs visions, soutiennent et lib\u00e8rent les processus des aides de camp, et les aides de camp, \u00e0 travers leur processus, lib\u00e8rent et soutiennent les qu\u00eateurs.<br \/><br \/><strong>AINSI NOUS RETROUVONS LA JOIE D&rsquo;\u00c9VOLUER ENSEMBLE POUR SOI ET POUR TOUS<\/strong><\/p>\n\n\n\n<div style=\"height:100px\" aria-hidden=\"true\" class=\"wp-block-spacer\"><\/div>\n\n\n\n<div class=\"wp-block-columns is-layout-flex wp-container-core-columns-is-layout-9d6595d7 wp-block-columns-is-layout-flex\">\n<div class=\"wp-block-column is-layout-flow wp-block-column-is-layout-flow\"><div class=\"wp-block-image is-style-rounded\">\n<figure class=\"aligncenter size-large\"><a href=\"https:\/\/www.plumesdorees.com\/web\/wp-content\/uploads\/2023\/06\/VisionQuest.jpg\"><img loading=\"lazy\" decoding=\"async\" width=\"721\" height=\"1024\" src=\"https:\/\/www.plumesdorees.com\/web\/wp-content\/uploads\/2023\/06\/VisionQuest-721x1024.jpg\" alt=\"\" class=\"wp-image-3375\" srcset=\"https:\/\/www.plumesdorees.com\/web\/wp-content\/uploads\/2023\/06\/VisionQuest-721x1024.jpg 721w, https:\/\/www.plumesdorees.com\/web\/wp-content\/uploads\/2023\/06\/VisionQuest-211x300.jpg 211w, https:\/\/www.plumesdorees.com\/web\/wp-content\/uploads\/2023\/06\/VisionQuest-768x1091.jpg 768w, https:\/\/www.plumesdorees.com\/web\/wp-content\/uploads\/2023\/06\/VisionQuest.jpg 976w\" sizes=\"auto, (max-width: 721px) 100vw, 721px\" \/><\/a><\/figure><\/div><\/div>\n\n\n\n<div class=\"wp-block-column is-layout-flow wp-block-column-is-layout-flow\">\n<h3 class=\"wp-block-heading\" style=\"font-size:22px\"><strong>-QU\u00caTE DE VISION-<\/strong><\/h3>\n\n\n\n<h4 class=\"wp-block-heading\" style=\"font-size:17px\"><strong>UNE RETRAITE AU MASCULIN&nbsp;<\/strong><\/h4>\n\n\n\n<p style=\"font-size:17px\">Une des 7 C\u00e9r\u00e9monies Sacr\u00e9es transmises aux Hommes du peuple Lakota par la Femme Bisonne Blanche, pour qu&rsquo;ils retrouvent les valeurs du Guerrier de Lumi\u00e8re \u00e0 travers l&rsquo;offrande de la vie pour la vie.<\/p>\n\n\n\n<p style=\"font-size:17px\">Un processus qui fait entrer dans la Roue de la Vie, naissance, croissance, mort symbolique et renaissance. Seul assis dans la nature, faisant offrande 4 jours et 4 nuits, de son inconfort et de ses larmes, pour une Vision, pour rentrer en contact avec la direction de son R\u00eave Sacr\u00e9, de son \u00catre Sacr\u00e9.<\/p>\n\n\n\n<p><\/p>\n<\/div>\n<\/div>\n\n\n\n<div class=\"wp-block-columns is-layout-flex wp-container-core-columns-is-layout-9d6595d7 wp-block-columns-is-layout-flex\">\n<div class=\"wp-block-column is-layout-flow wp-block-column-is-layout-flow\">\n<h3 class=\"wp-block-heading\" style=\"font-size:22px\"><strong>-TIYOWEH-<\/strong><\/h3>\n\n\n\n<h4 class=\"wp-block-heading\" style=\"font-size:17px\"><strong>UNE RETRAITE AU F\u00c9MININ<\/strong><\/h4>\n\n\n\n<p><strong>\ufeff<\/strong><\/p>\n\n\n\n<p style=\"font-size:17px\">Le \u00ab\u00a0Conseil des Anciennes des 13 M\u00e8res Originelles\u00a0\u00bb a mis sur ma route cette C\u00e9r\u00e9monie F\u00e9minine de retour \u00e0 soi.<\/p>\n\n\n\n<p style=\"font-size:17px\">Dans cette tradition des Gardiennes de la Terre, \u00ab\u00a0entrer en Tiyoweh\u00a0\u00bb signifie aller dans un espace de calme en immobilit\u00e9 et en silence pour retrouver l&rsquo;espace originel de sa Terre.<\/p>\n\n\n\n<p style=\"font-size:17px\">Je vous invite \u00e0 vivre cette retraite de 3 jours et 3 nuits pour rentrer dans l&rsquo;espace du r\u00eave et \u00e9couter la voix de votre v\u00e9rit\u00e9 int\u00e9rieure.<\/p>\n\n\n\n<p style=\"font-size:17px\">\u00c9tape indispensable dans nos vies de Femmes pour rendre \u00e0 notre Terre sa fonction originelle de Fertilit\u00e9.<\/p>\n\n\n\n<p style=\"font-size:17px\">Ainsi les graines rencontr\u00e9es pourront se manifester dans le monde tangible avec Gr\u00e2ce et Beaut\u00e9 dans la conscience des 7 g\u00e9n\u00e9rations \u00e0 venir.<\/p>\n\n\n\n<p><\/p>\n<\/div>\n\n\n\n<div class=\"wp-block-column is-layout-flow wp-block-column-is-layout-flow\"><div class=\"wp-block-image is-style-rounded\">\n<figure class=\"aligncenter size-large\"><a href=\"https:\/\/www.plumesdorees.com\/web\/wp-content\/uploads\/2023\/06\/tipi.jpeg\"><img loading=\"lazy\" decoding=\"async\" width=\"1024\" height=\"1024\" src=\"https:\/\/www.plumesdorees.com\/web\/wp-content\/uploads\/2023\/06\/tipi-1024x1024.jpeg\" alt=\"\" class=\"wp-image-3378\" srcset=\"https:\/\/www.plumesdorees.com\/web\/wp-content\/uploads\/2023\/06\/tipi-1024x1024.jpeg 1024w, https:\/\/www.plumesdorees.com\/web\/wp-content\/uploads\/2023\/06\/tipi-300x300.jpeg 300w, https:\/\/www.plumesdorees.com\/web\/wp-content\/uploads\/2023\/06\/tipi-150x150.jpeg 150w, https:\/\/www.plumesdorees.com\/web\/wp-content\/uploads\/2023\/06\/tipi-768x768.jpeg 768w, https:\/\/www.plumesdorees.com\/web\/wp-content\/uploads\/2023\/06\/tipi.jpeg 1080w\" sizes=\"auto, (max-width: 1024px) 100vw, 1024px\" \/><\/a><\/figure><\/div><\/div>\n<\/div>\n\n\n\n<div class=\"wp-block-columns is-layout-flex wp-container-core-columns-is-layout-9d6595d7 wp-block-columns-is-layout-flex\">\n<div class=\"wp-block-column is-layout-flow wp-block-column-is-layout-flow\"><div class=\"wp-block-image is-style-rounded\">\n<figure class=\"aligncenter size-large\"><a href=\"https:\/\/www.plumesdorees.com\/web\/wp-content\/uploads\/2023\/06\/Capture-decran-2022-03-11-a-11.35.45.png\"><img loading=\"lazy\" decoding=\"async\" width=\"1024\" height=\"1016\" src=\"https:\/\/www.plumesdorees.com\/web\/wp-content\/uploads\/2023\/06\/Capture-decran-2022-03-11-a-11.35.45-1024x1016.png\" alt=\"\" class=\"wp-image-3381\" srcset=\"https:\/\/www.plumesdorees.com\/web\/wp-content\/uploads\/2023\/06\/Capture-decran-2022-03-11-a-11.35.45-1024x1016.png 1024w, https:\/\/www.plumesdorees.com\/web\/wp-content\/uploads\/2023\/06\/Capture-decran-2022-03-11-a-11.35.45-300x298.png 300w, https:\/\/www.plumesdorees.com\/web\/wp-content\/uploads\/2023\/06\/Capture-decran-2022-03-11-a-11.35.45-150x150.png 150w, https:\/\/www.plumesdorees.com\/web\/wp-content\/uploads\/2023\/06\/Capture-decran-2022-03-11-a-11.35.45-768x762.png 768w, https:\/\/www.plumesdorees.com\/web\/wp-content\/uploads\/2023\/06\/Capture-decran-2022-03-11-a-11.35.45-1140x1131.png 1140w, https:\/\/www.plumesdorees.com\/web\/wp-content\/uploads\/2023\/06\/Capture-decran-2022-03-11-a-11.35.45.png 1344w\" sizes=\"auto, (max-width: 1024px) 100vw, 1024px\" \/><\/a><\/figure><\/div><\/div>\n\n\n\n<div class=\"wp-block-column is-layout-flow wp-block-column-is-layout-flow\">\n<h3 class=\"wp-block-heading\" style=\"font-size:22px\"><strong>-AIDE DE CAMP-<\/strong><\/h3>\n\n\n\n<p style=\"font-size:17px\">Se retrouver seul, en couple ou en famille pour exp\u00e9rimenter la vie de tribu sur une semaine. Go\u00fbter \u00e0 la notion de service. Apprendre \u00e0 prendre sa place et \u00e0 vivre ensemble. Vivre des C\u00e9r\u00e9monies Chamaniques Ancestrales qui nous ram\u00e8nent au centre de nous-m\u00eames et nous connectent aux Lois Sacr\u00e9es Universelles. Recevoir la sagesse ancienne. Ce ne sont pas des vacances, mais on en ressort chang\u00e9 \u00e0 jamais.<\/p>\n\n\n\n<p>TARIF 390\u20ac<\/p>\n\n\n\n<p>14-17 ans : 300\u20ac<\/p>\n\n\n\n<p>7 -13 ans : 200\u20ac<\/p>\n<\/div>\n<\/div>\n\n\n\n<p style=\"font-size:22px\"><strong>-RITE DE PASSAGE-<\/strong><\/p>\n\n\n\n<p style=\"font-size:17px\">J&rsquo;ai re\u00e7u cet apprentissage de C\u00e9l\u00e9bration de nos Passages de vie d&rsquo;une magnifique Femme M\u00e9decine qui s&rsquo;appelle \u00ab\u00a0Anpo Wi\u00a0\u00bb et qui propose encore des \u00ab\u00a0Rites de Passages\u00a0\u00bb. Je vous invite \u00e0 retourner \u00e0 la Source en allant sur un de ses Camps o\u00f9 vous me retrouverez d&rsquo;ailleurs \u00e0 ses c\u00f4t\u00e9s: <a href=\"https:\/\/planetevivante.fr\/camps-de-rites-de-passage\/\">https:\/\/planetevivante.fr\/camps-de-rites-de-passage\/<\/a><\/p>\n\n\n\n<p>Je propose aussi d&rsquo;accompagner vos passages cet \u00e9t\u00e9:<\/p>\n\n\n\n<ul class=\"wp-block-list\">\n<li>Bapt\u00eame (Jusqu&rsquo;au 1 an)<\/li>\n\n\n\n<li>Rites de Passage des 7 ans<\/li>\n\n\n\n<li>Rites de Passage de 14 ans pour les Jeunes Hommes<\/li>\n\n\n\n<li>Rites de Passage des Premi\u00e8res Lunes pour lesJeunes Filles<\/li>\n\n\n\n<li>Rites de Passage pour les Femmes de Sagesse (M\u00e9nopaus\u00e9es c&rsquo;est-\u00e0-dire qui n&rsquo;ont plus leurs Lunes). Le but de la C\u00e9l\u00e9bration de ces passages est de se reconna\u00eetre dans une nouvelle phase que la Vie nous propose.<\/li>\n\n\n\n<li>Rites de Passage pour Les Hommes de Sagesse<\/li>\n\n\n\n<li>Mariage<\/li>\n<\/ul>\n\n\n\n<p>Venir c\u00e9l\u00e9brer un Rite de Passage, c&rsquo;est accepter d&rsquo;accompagner un mouvement que la vie nous propose d\u00e9j\u00e0. Dans notre soci\u00e9t\u00e9 nous ne sommes pas reconnus pour ces Passages et nous recherchons longtemps cette reconnaissance. C\u00e9l\u00e9brer un Rite de Passage c&rsquo;est trouver un sens pour ce nouveau cycle. Je vous accompagnerai dans ce sens en vous transmettant le sens Sacr\u00e9 de ce passage. Les C\u00e9r\u00e9monies sont Magnifiques et elles \u0153uvrent pour tous, les parents pr\u00e9sents, la famille, mais aussi pour toutes les personnes sur le camp qui feront un pas en vivant ces Rites qu&rsquo;ils n&rsquo;ont pas pu vivre pour eux. Il y aura aussi des Cercles de paroles pour tous les \u00e2ges avec des enseignements. Des Huttes \u00e0 sudation pour tous (y compris pour les enfants). Nous chanterons, nous danserons, nous rirons et nous retrouverons le sens Sacr\u00e9 du \u00ab\u00a0Vivre ensemble\u00a0\u00bb.<\/p>\n\n\n\n<p><\/p>\n\n\n\n<h2 class=\"wp-block-heading\"><\/h2>\n\n\n\n<h3 class=\"wp-block-heading has-text-align-center\" style=\"font-size:26px\"><strong>QUAND ET COMMENT S&rsquo;ENGAGER<\/strong><\/h3>\n\n\n\n<p><\/p>\n\n\n\n<p style=\"font-size:26px\"><strong>Deux formes d&rsquo;engagement :<\/strong><\/p>\n\n\n\n<ul class=\"wp-block-list\">\n<li style=\"font-size:17px\">Je suis une Femme et je veux faire une retraite au f\u00e9minin. Possibilit\u00e9 d&rsquo;engagement sur un Tiyoweh<\/li>\n<\/ul>\n\n\n\n<ul class=\"wp-block-list\">\n<li style=\"font-size:17px\">Je suis un Homme ou une Femme et je veux faire une retraite au Masculin. Je peux m&rsquo;engager sur une seule Qu\u00eate de Vision ou sur un cycle de 4 \u00e0 hauteur d&rsquo;une par an. Si je fais une seule qu\u00eate elle ne sera pas cumul\u00e9e si un jour je d\u00e9cide de faire un cycle de 4 Qu\u00eates.&nbsp;<br \/><\/li>\n<\/ul>\n\n\n\n<p style=\"font-size:17px\">Pour m&rsquo;engager traditionnellement je dois aller faire ma requ\u00eate aupr\u00e8s de l&rsquo;Homme ou la Femme M\u00e9decine dans une \u00ab\u00a0Sweat Lodge\u00a0\u00bb (\u00ab\u00a0Hutte \u00e0 Sudation\u00a0\u00bb).&nbsp;<\/p>\n\n\n\n<p style=\"font-size:17px\">Si vous \u00eates trop loin pour une Hutte \u00e0 Sudation ou lors de p\u00e9riode sans Hutte, contactez moi directement.<\/p>\n\n\n\n<div style=\"height:100px\" aria-hidden=\"true\" class=\"wp-block-spacer\"><\/div>\n\n\n\n<h4 class=\"wp-block-heading has-text-align-center\" style=\"font-size:26px\"><strong>INFOS ET INSCRIPTION<\/strong><\/h4>\n\n\n\n<p class=\"has-text-align-center\" style=\"font-size:17px\">veuillez nous \u00e9crire \u00e0:<\/p>\n\n\n\n<p class=\"has-text-align-center\" style=\"font-size:17px\">&#x1f449;&#x1f3fc; <strong><u><a rel=\"noreferrer noopener\" href=\"mailto:plumesdorees74@gmail.com\" target=\"_blank\">plumesdorees74@gmail.com<\/a><\/u><\/strong> &#x1f448;&#x1f3fc;<\/p>\n\n\n\n<div style=\"height:60px\" aria-hidden=\"true\" class=\"wp-block-spacer\"><\/div>\n\n\n\n<p class=\"has-text-align-center\" style=\"font-size:17px\"><strong>Rappel des tarifs :<\/strong><\/p>\n\n\n\n<p class=\"has-text-align-center\" style=\"font-size:17px\">Qu\u00eateur &amp; Rite de Passage : 490\u20ac<br \/>Tiyoweh : 430\u20ac<br \/>Aide de Camp : 390\u20ac<br \/>14 &#8211; 17 ans : 300 \u20ac<br \/>7-13 ans : 200\u20ac<br \/>0 &#8211; 6 ans : Gratuit<\/p>\n\n\n\n<p><\/p>\n\n\n\n<p class=\"has-text-align-center\" style=\"font-size:17px\">&#x26a0;&#xfe0f; VOTRE INSCRIPTION NE SERA VALID\u00c9E QU&rsquo;\u00c0 LA R\u00c9CEPTION DE VOS ARRHES &#x26a0;&#xfe0f;<\/p>\n\n\n\n<p class=\"has-text-align-center\" style=\"font-size:17px\"><\/p>\n\n\n\n<p class=\"has-text-align-center\" style=\"font-size:17px\">Merci de nous envoyer votre ch\u00e8que d&rsquo;arrhes de 100\u20ac\/par personne \u00e0<\/p>\n\n\n\n<p class=\"has-text-align-center\" style=\"font-size:17px\">Ludivine Cheilan<br \/>132 All\u00e9e de la Nouvelle<br \/>74370 Villaz<\/p>\n\n\n\n<p class=\"has-text-align-center\" style=\"font-size:17px\">Merci de nous contacter si vous souhaitez nous faire un virement bancaire.<\/p>\n\n\n\n<p><\/p>\n","protected":false},"excerpt":{"rendered":"<p>Partage des Cultures et Traditions Ancestrales PROCHAINS CAMPS En 2026 Cette ann\u00e9e nous proposons deux camps d\u00e9di\u00e9s aux \u00ab\u00a0Qu\u00eates de Vision\u00a0\u00bb, ainsi qu&rsquo;un camp d&rsquo;\u00e9t\u00e9 consacr\u00e9 aux \u00ab\u00a0Rites de passage\u00a0\u00bb. Camps de \u00ab\u00a0Qu\u00eate de Vision\u00a0\u00bb du Samedi 11 au Samedi 18 Avril 2026 du Samedi 24 au 31 Octobre 2026<span class=\"more-link theme-more-link\"><a href=\"https:\/\/www.plumesdorees.com\/web\/camps\/\">Continue Reading<\/a><\/span><\/p>\n","protected":false},"author":1,"featured_media":0,"parent":0,"menu_order":0,"comment_status":"closed","ping_status":"closed","template":"","meta":{"footnotes":""},"class_list":["entry","author-plumesdorees","post-3364","page","type-page","status-publish"],"_links":{"self":[{"href":"https:\/\/www.plumesdorees.com\/web\/wp-json\/wp\/v2\/pages\/3364","targetHints":{"allow":["GET"]}}],"collection":[{"href":"https:\/\/www.plumesdorees.com\/web\/wp-json\/wp\/v2\/pages"}],"about":[{"href":"https:\/\/www.plumesdorees.com\/web\/wp-json\/wp\/v2\/types\/page"}],"author":[{"embeddable":true,"href":"https:\/\/www.plumesdorees.com\/web\/wp-json\/wp\/v2\/users\/1"}],"replies":[{"embeddable":true,"href":"https:\/\/www.plumesdorees.com\/web\/wp-json\/wp\/v2\/comments?post=3364"}],"version-history":[{"count":51,"href":"https:\/\/www.plumesdorees.com\/web\/wp-json\/wp\/v2\/pages\/3364\/revisions"}],"predecessor-version":[{"id":4205,"href":"https:\/\/www.plumesdorees.com\/web\/wp-json\/wp\/v2\/pages\/3364\/revisions\/4205"}],"wp:attachment":[{"href":"https:\/\/www.plumesdorees.com\/web\/wp-json\/wp\/v2\/media?parent=3364"}],"curies":[{"name":"wp","href":"https:\/\/api.w.org\/{rel}","templated":true}]}}