{"id":2810,"date":"2021-10-01T10:52:03","date_gmt":"2021-10-01T09:52:03","guid":{"rendered":"https:\/\/www.plumesdorees.com\/web\/?page_id=2810"},"modified":"2024-06-17T08:43:44","modified_gmt":"2024-06-17T07:43:44","slug":"bonjour-et-bienvenue","status":"publish","type":"page","link":"https:\/\/www.plumesdorees.com\/web\/","title":{"rendered":"BONJOUR ET BIENVENUE"},"content":{"rendered":"\n<p>L&rsquo;association \u00ab\u00a0<strong>Plumes Dor\u00e9es<\/strong>\u00a0\u00bb a pour but le partage des Cultures et des Traditions.<\/p>\n\n\n\n<p>Vous trouverez ici les activit\u00e9s que nous jugeons de qualit\u00e9 gr\u00e2ce \u00e0 notre exp\u00e9rience sur nos chemins de Femmes et d&rsquo;Hommes chercheurs de v\u00e9rit\u00e9s. Nous avons mis l&rsquo;exigence individuelle qui nous a amen\u00e9e au service des autres. Durant cette recherche, nous avons eu acc\u00e8s \u00e0 diverses formes d&rsquo;\u00e9veil aupr\u00e8s de diff\u00e9rents peuples autochtones qui sont venus \u00e9clairer notre chemin.<\/p>\n\n\n\n<p>Les cultures Celtique, Lakota, Andine, Mongole, Cherokee, Tolt\u00e8que, Olm\u00e8que, Maya, l&rsquo;Animisme Balinais, la m\u00e9decine chinoise&#8230; ont enrichi de toutes ces v\u00e9rit\u00e9s notre parcours occidental : &nbsp;psychologie, psychanalyse, PNL, CNV ou communication bienveillante, m\u00e9decine quantique&#8230;<\/p>\n\n\n\n<div style=\"height:100px\" aria-hidden=\"true\" class=\"wp-block-spacer\"><\/div>\n\n\n\n<p class=\"has-text-align-right has-text-color has-medium-font-size\" style=\"color:#bd6f00\"><strong>Les projets que nous proposons sur ce site sont, avant tout, des exp\u00e9riences que nous avons v\u00e9cues et qui ont particip\u00e9es \u00e0 notre propre \u00e9volution personnelle sur le chemin de l&rsquo;ouverture du C\u0153ur et de l&rsquo;\u00e9volution de l\u2019\u00catre. Malgr\u00e9 notre exp\u00e9rience et la fa\u00e7on que nous avons parfois de pr\u00eacher nos v\u00e9rit\u00e9s, nous pensons profond\u00e9ment qu&rsquo;il n&rsquo;y en a au fond aucune.<\/strong><\/p>\n\n\n\n<div style=\"height:100px\" aria-hidden=\"true\" class=\"wp-block-spacer\"><\/div>\n\n\n\n<p>L&rsquo;intention, ici, est toujours l&rsquo;\u00e9veil de la Conscience, l&rsquo;ouverture du C\u0153ur et l&rsquo;acc\u00e8s \u00e0 l\u2019\u00catre \u00e9lev\u00e9 que chacun porte en soi.<\/p>\n\n\n\n<p>La rencontre des enseignements des Lois Sacr\u00e9es Universelles nous unit pour nous permettre de retrouver l&rsquo;Harmonie, la Paix et l&rsquo;Amour. &nbsp;Nous portons en nous autant de v\u00e9rit\u00e9s personnelles que le ciel porte d&rsquo;\u00e9toiles. Chacun porte sa carte stellaire.<\/p>\n\n\n\n<p>Dans un premier temps, vous pouvez rejoindre un groupe de parole dans lequel chaque histoire est humblement partag\u00e9e pour apprendre les uns des autres et retrouver la Joie d&rsquo;appartenir \u00e0 la grande famille des \u00catres Humains.&nbsp;C&rsquo;est le tout d\u00e9but d&rsquo;une grande aventure profond\u00e9ment humaine qui s&rsquo;ouvrira alors \u00e0 vous.<\/p>\n\n\n\n<p>Pour ceux qui ont d\u00e9j\u00e0 chemin\u00e9 sur ces chemins de connaissances, vous pouvez faire appel aux ateliers et stages.<\/p>\n","protected":false},"excerpt":{"rendered":"<p>L&rsquo;association \u00ab\u00a0Plumes Dor\u00e9es\u00a0\u00bb a pour but le partage des Cultures et des Traditions. Vous trouverez ici les activit\u00e9s que nous jugeons de qualit\u00e9 gr\u00e2ce \u00e0 notre exp\u00e9rience sur nos chemins de Femmes et d&rsquo;Hommes chercheurs de v\u00e9rit\u00e9s. Nous avons mis l&rsquo;exigence individuelle qui nous a amen\u00e9e au service des autres.<span class=\"more-link theme-more-link\"><a href=\"https:\/\/www.plumesdorees.com\/web\/\">Continue Reading<\/a><\/span><\/p>\n","protected":false},"author":1,"featured_media":3524,"parent":0,"menu_order":0,"comment_status":"closed","ping_status":"closed","template":"","meta":{"footnotes":""},"class_list":["entry","author-plumesdorees","post-2810","page","type-page","status-publish","has-post-thumbnail"],"_links":{"self":[{"href":"https:\/\/www.plumesdorees.com\/web\/wp-json\/wp\/v2\/pages\/2810","targetHints":{"allow":["GET"]}}],"collection":[{"href":"https:\/\/www.plumesdorees.com\/web\/wp-json\/wp\/v2\/pages"}],"about":[{"href":"https:\/\/www.plumesdorees.com\/web\/wp-json\/wp\/v2\/types\/page"}],"author":[{"embeddable":true,"href":"https:\/\/www.plumesdorees.com\/web\/wp-json\/wp\/v2\/users\/1"}],"replies":[{"embeddable":true,"href":"https:\/\/www.plumesdorees.com\/web\/wp-json\/wp\/v2\/comments?post=2810"}],"version-history":[{"count":12,"href":"https:\/\/www.plumesdorees.com\/web\/wp-json\/wp\/v2\/pages\/2810\/revisions"}],"predecessor-version":[{"id":3890,"href":"https:\/\/www.plumesdorees.com\/web\/wp-json\/wp\/v2\/pages\/2810\/revisions\/3890"}],"wp:featuredmedia":[{"embeddable":true,"href":"https:\/\/www.plumesdorees.com\/web\/wp-json\/wp\/v2\/media\/3524"}],"wp:attachment":[{"href":"https:\/\/www.plumesdorees.com\/web\/wp-json\/wp\/v2\/media?parent=2810"}],"curies":[{"name":"wp","href":"https:\/\/api.w.org\/{rel}","templated":true}]}}